Suppose 12*y + 79 = v. Calculate the highest common divisor of y and r.
21
Suppose j - 775 = 6*j. Suppose -19*i - 262 = 5020. Let o = j - i. What is the greatest common factor of 41 and o?
41
Suppose 1285*r + 2*l = 1284*r + 22, 0 = 4*r + 4*l - 96. What is the highest common divisor of 4771 and r?
13
Suppose 3*y + 63 = 2*h, -9 = -h - 23*y + 20*y. Calculate the highest common divisor of h and 1164.
12
Suppose 287 = 36*t + 107. Suppose -3*k + 102 = 3*h, -4*h = -9*h + 5*k + 130. Suppose -40 - h = -t*g. Calculate the greatest common divisor of g and 35.
7
Let b = 39 - 35. Let r be b*(2 + ((-14)/(-4))/(-7)). Let w be (2 - 22)*r/(-12). Calculate the greatest common factor of w and 25.
5
Let y be (178 + -134)/((-3)/(-12)). Calculate the highest common factor of y and 272.
16
Let y(d) = d**3 - 17*d**2 - 66*d + 30. Let c be y(24). Calculate the greatest common factor of c and 231.
21
Let r be (-252)/(-1)*8/(-16)*(-30 - -28). What is the highest common divisor of 96 and r?
12
Let v(a) = -48*a**2 + 235*a - 11. Let f be v(4). Calculate the greatest common factor of 1633 and f.
23
Suppose -b - 448 = 4*g, b = -5*g + 4*b - 560. Let l be g*(-1 + (-3)/(-6)). Suppose 28*s - 734 = 1618. Calculate the highest common factor of l and s.
28
Let v = -40 - -79. Suppose -3*j = -4*j + v. What is the highest common factor of 377 and j?
13
Let b(y) = 2*y**2 - y + 13. Let l be b(-5). Suppose -7*g = -9*g - 4*a + 1216, -5*g - 4*a = -3052. Calculate the greatest common divisor of l and g.
68
Let r be -43*(-6)/18*15. Let g = r + -111. Calculate the greatest common divisor of 52 and g.
52
Let a(n) = 2*n**3 + 7*n**2 - 21*n - 18. Let t be a(-5). Calculate the greatest common divisor of 1614 and t.
6
Let y = 97 - 44. Suppose -2*q - 3*a = -6*q - 247, -q - y = a. Let z = q + 154. Calculate the highest common divisor of 24 and z.
24
Let o(n) be the third derivative of n**5/60 + n**4/6 + 4*n**3/3 - 16*n**2. Let j = -12 - -7. Let g be o(j). Calculate the greatest common divisor of g and 13.
13
Let a = -426 - -449. Suppose 4*q - 347 = -a. What is the greatest common factor of 3 and q?
3
Suppose -v + 2 - 1 = 0, 0 = -4*f + 4*v + 176. Suppose f + 197 = 22*o. What is the highest common divisor of 3 and o?
1
Let f(w) = -664*w - 1303. Let x be f(-2). What is the greatest common divisor of 15775 and x?
25
Let g be (-6)/(-14) - (0 + 621/(-21)). Let k be 3/2*(-1900)/75. Let m = k + 173. What is the highest common factor of m and g?
15
Let d = 319 - 325. Let v be (152 - -1) + d + -9. Calculate the greatest common factor of v and 897.
69
Let l = 24 - 7. Let q = -705 - -693. Let d = q - -165. What is the highest common factor of d and l?
17
Suppose 13*w = 792 + 105. Suppose k - w = -k - 3*l, -2*k = 5*l - 67. What is the highest common divisor of 180 and k?
36
Let z be 7 + 7 + -12 + -2. Suppose z = 12*u - 39 - 105. Calculate the highest common divisor of u and 32.
4
Let k = -751 + 773. What is the highest common divisor of k and 3938?
22
Let x(d) = -d**2 + 8*d + 5. Let q be x(4). Suppose -29*h = -q*h + 328. Let k = h + 47. What is the greatest common divisor of 4 and k?
2
Suppose -4*q = -3*q - 162. Let n(p) = 9523*p - 104751. Let o be n(11). Calculate the highest common divisor of o and q.
2
Let a(i) = i**3 - 11*i**2 + 18*i - 37. Suppose 0 = -3*f - 2*z + 26, -2 = 2*z - z. Let j be a(f). Calculate the greatest common factor of j and 473.
43
Suppose 0 = -5*j + t + 821, -127*t + 129*t + 494 = 3*j. Let a be 82/4*(3 - 1). What is the greatest common factor of j and a?
41
Suppose 41*z + 758 = 2*u + 36*z, 0 = -u + z + 370. Calculate the highest common factor of u and 1729.
91
Suppose -4 = -j - 0, 3*m + 2*j - 71 = 0. Let x = m - 30. Let a be -3 + (-435)/x + 2/(-6). Calculate the greatest common factor of a and 9.
9
Suppose -f = -i - 47929 + 18396, 147574 = 5*f - 18*i. What is the greatest common factor of 56 and f?
28
Suppose 4*u - 151 = -5*h, -8*u - 4*h + 191 = -3*u. Suppose -3*a + 2*a - 31 = -2*o, 2*a + 23 = o. What is the highest common factor of o and u?
13
Let u(q) = q**3 + 39*q**2 + 146*q + 291. Let b be u(-35). Let a be (-27)/((-1)/2 + 0). What is the greatest common factor of b and a?
27
Suppose -4*s - 4*m - 56 = -2776, -m + 1360 = 2*s. Calculate the highest common factor of 2312 and s.
136
Let w = 9385 + -9317. Suppose -v - v + 68 = 0. What is the greatest common factor of v and w?
34
Let d be (15/(-3))/((-5)/2). Suppose g = d*n - 192, -2*g + g + 298 = 3*n. Calculate the highest common divisor of 147 and n.
49
Suppose 5*i = -2*t - 2, t + 0*i + 4 = -4*i. Suppose -t*h = 2*r - 28, -4*h = 5*r - 97 + 27. Calculate the greatest common divisor of r and 2.
2
Suppose -5*g - 27*g - 4*g = -83628. What is the greatest common divisor of g and 23?
23
Let j = -1763 - -2553. What is the highest common factor of 50 and j?
10
Let l = 3263 + -1292. Suppose 0 = -23*s - 177 + l. What is the highest common divisor of s and 24?
6
Let h be (1 - 2)/(9/(-36)). Suppose -81 = -2*d - 5*c, 21*d = 19*d + h*c + 126. Calculate the greatest common factor of 2 and d.
1
Suppose -4*d = 3*w + 19, 0*w - 17 = -3*d + 4*w. Let s be 26*2 + (-2 - d). Suppose 3*b = 4*b - 17. Calculate the highest common divisor of s and b.
17
Let i(z) = -z**2 - z. Let x be i(-1). Suppose -6*q + 204 = -x*q. Let m = -7 + q. What is the greatest common divisor of 297 and m?
27
Suppose 3*r - 5*u - 235 = 0, 2*u = -2*r - 3*u + 115. Let d be -28*(0 + (-5)/(-4)). Let t = 91 + d. What is the greatest common factor of t and r?
14
Suppose -88 = -112*s + 110*s. Suppose -s*j = -41*j - 246. Calculate the highest common factor of j and 902.
82
Suppose 53 = 2*i - 3*d, -2*i - 26*d + 48 = -30*d. Calculate the greatest common factor of 306 and i.
34
Suppose 156 + 44 = 40*y. Let d(g) = -5*g - 16. Let s be d(-4). Calculate the greatest common factor of y and s.
1
Let s be ((-16)/(-20))/((-2)/(-40)). Let t = 688 - 640. Calculate the greatest common divisor of t and s.
16
Suppose 5*n = 2*h - 5*h + 173, -3*n = -2*h + 90. What is the highest common divisor of 357 and h?
51
Suppose -2*l = 5*t - 117, 95*l - 66 = -2*t + 91*l. Let r be (-6 - (0 + -1))*-62. Let g = r - 205. What is the greatest common divisor of g and t?
21
Let b = -770 - -457. Let m = -205 - b. Suppose 4*k - 352 = -5*a, 99*a - 5*k = 100*a - 62. Calculate the highest common divisor of m and a.
36
Suppose -32 = -5*z + 3*t, 0 = -3*z - 2*t + 3 + 1. Suppose z*u - 14 + 2 = 0. Suppose 2*r - 30 = -u*r. Calculate the highest common factor of r and 3.
3
Suppose 3*x + 35 = 2*x. Let w = x - -44. Let h(m) = 98*m**2 + 3*m - 2. Let p be h(1). What is the greatest common factor of w and p?
9
Suppose -119 = -5*k + 81. Let o(l) = -l**2 - 17*l - 6. Let r be o(-16). Suppose -30 = -5*t + r. What is the greatest common factor of t and k?
8
Let b(j) = 2*j**2 + 50*j - 1107. Let y be b(15). Calculate the highest common divisor of 6789 and y.
93
Let x be 5/35 - (313/2)/(63/(-576)). Calculate the highest common factor of x and 1.
1
Let n = -206 - -209. Suppose -9*k + 11*k = -4*c + 1686, -3*c = -n*k - 1287. Calculate the highest common factor of c and 53.
53
Suppose -2*w + 5*y - 29 = 0, -3*y = 5*w - 13 + 39. Let i be (-93)/62*(1 - -5). Let q = w - i. What is the greatest common factor of q and 6?
2
Let s = 3761 + -1935. What is the greatest common factor of 44 and s?
22
Suppose 174 = 3*j + 5*k, -13 = j - 2*k - 82. Calculate the highest common divisor of j and 1890.
63
Let u(t) = -t**2 + 86*t - 1068. Let l be u(70). Calculate the greatest common factor of 76 and l.
4
Let q(a) be the first derivative of 2*a**3/3 + 5*a**2 - 24*a - 25. Let m be q(2). Suppose -3 = -g + 7. Calculate the highest common divisor of m and g.
2
Let w = -66745 - -66755. Let c = 84 - 19. Suppose -a - 4*p - 3 + 23 = 0, -a = -5*p - c. Calculate the highest common divisor of a and w.
10
Let k be (1 - 0/(-4))*1 + 203. Suppose 207*c = k*c + 42. What is the greatest common factor of 3 and c?
1
Suppose 3*g - 7950 + 7849 = -l, 5*l + 3*g = 409. Let o be 43 - 1/1*-1. What is the highest common divisor of l and o?
11
Let i be (430/(-35))/(568/(-140) - -4). What is the highest common factor of i and 20?
5
Let z(w) = -3*w + 41. Let o be z(-9). Suppose -55 - 103 = -5*v - 3*r, 0 = 4*v - 3*r - 148. Calculate the greatest common factor of o and v.
34
Suppose 0 = -2*u - s - 759 + 2615, 0 = 5